Calculate the remainder when 20 is divided by (-280)/(-22) - 111/(-407).
7
Suppose -4*d = y - 94, d = 6*d + 2*y - 119. Calculate the remainder when 133 is divided by d.
18
Let r be (-15)/(-12) + (-2)/8 - -16. Let q = -14 + r. What is the remainder when 11 is divided by q?
2
Let q be 9/(-36)*8/(-1). Suppose -q*n + 33 = -3. Suppose 0*b + 18 = b + 4*d, -2*d + 4 = 0. What is the remainder when n is divided by b?
8
Let p(a) = 12*a + 11. Let f(x) = -2. Let b(q) = 4*f(q) + p(q). Let m(h) = h**2 + 3*h - 6. What is the remainder when b(1) is divided by m(-5)?
3
Let g(k) = -33*k - 50. Let t be g(-1). Suppose -5*j + 3*r = -r + 162, -72 = 2*j + 2*r. Let u = t - j. What is the remainder when u is divided by 9?
8
Let u(q) = q**3 - 5*q**2 - 7*q + 9. Let a be u(6). Suppose -140 = -a*x + 259. What is the remainder when x is divided by 15?
13
Let h be (-4)/(-6) - 438/(-18). What is the remainder when (4 + -2 - h)*-1 is divided by (10*4)/(-2)*15/(-25)?
11
Calculate the remainder when 158 is divided by (0 - (0 - -4)) + 54.
8
Suppose -7*m = -66 - 109. Calculate the remainder when 44 is divided by m.
19
Suppose 414 + 118 = 7*u. What is the remainder when u is divided by 70?
6
Let h = -26 + 50. Let w(n) = -29*n - 53. Let v be w(-2). Suppose v*a = 3*a + h. What is the remainder when 29 is divided by a?
5
Suppose -3*w - w = -4*m - 8, -5*w - 3*m = -34. Suppose w*j = -u + 107, -5*j + 0*u - 3*u + 101 = 0. What is the remainder when 64 is divided by j?
20
Let q(u) = -8*u - 150. Calculate the remainder when 71 is divided by q(-21).
17
Suppose -4*l + 2*l + 29 = -5*s, 13 = -l - 3*s. Suppose 0 = c - 5*c + 52. Suppose -5*w + c - 3 = 0. What is the remainder when l is divided by w?
0
Suppose -12*w = -17*w - z + 146, 4*w = 5*z + 140. What is the remainder when w is divided by (0 - -2)*(-55)/(-10)?
8
What is the remainder when 216 is divided by 3/((-9)/(-30)) - -37?
28
Let w(s) be the second derivative of s**4/6 - s**3 + 5*s**2/2 - 2*s. Calculate the remainder when 96/(-10)*(3 + -8) is divided by w(5).
23
Let u = 17 + -9. Suppose -234 = -5*g + 2*g. What is the remainder when (g/(-9))/(6/(-9)) is divided by u?
5
Let g be 428/6 + (-7)/(21/(-2)). Suppose -69*v + g*v = 54. Calculate the remainder when 159 is divided by v.
15
Suppose 0 = 3*b - 0*b + 6. Let v be 11/b - 6/(-12). Let g = v - -18. What is the remainder when g is divided by 4?
1
Suppose -7*a + 77 = -0*a. Suppose -k = 3*z + 2*z + a, 0 = -5*k + 3*z + 29. What is the remainder when 6 is divided by k?
2
Calculate the remainder when 2/9 + 2102/18 is divided by 15.
12
Suppose -173*l = -169*l - 128. What is the remainder when 221 is divided by l?
29
Let f be ((-1313)/26)/((-2)/(-4)). Let m = f + 182. Calculate the remainder when m is divided by 28.
25
Suppose -24*j + 20*j - 476 = 0. Let t = -55 - j. Calculate the remainder when t is divided by 22.
20
Let q(o) = o**2 + 20*o - 3. Let f be q(-10). Let a = -46 - f. Calculate the remainder when a is divided by -7*(-10)/5 - -6.
17
Suppose 3*h - 6 = 3*x, 0 = -3*x + 24 - 21. Calculate the remainder when 17 is divided by h.
2
Suppose 0*u + 16 = 4*u. Let q = 5 + -11. Calculate the remainder when (u/10)/(q/(-660)) is divided by 24.
20
Let z = 114 + -464. Let r = -149 - z. Calculate the remainder when r is divided by 34.
31
Calculate the remainder when 17 is divided by 15/(-45) - (-10)/3.
2
Let g be (-6)/9 + 43/(-3). Calculate the remainder when (-1 - -70) + (-1 - -2) is divided by 0 - -19 - (16 + g).
16
Let d = 60 + -13. Let h = -39 - -11. Let b = -12 - h. What is the remainder when d is divided by b?
15
Suppose 5*c + 5*v - v - 63 = 0, 0 = v + 3. Let z(o) = 8*o**2 - 2*o - 1. Calculate the remainder when z(2) is divided by c.
12
Let g = 50 + -45. Suppose -m + 6*m = 3*t + 107, 4*m = t + 80. Calculate the remainder when (-1 - -6)*(g + -1 - -3) is divided by m.
16
Calculate the remainder when 55/110 - 195/(-2) is divided by 9.
8
Suppose -126 + 24 = 2*i. Let m = -176 + 104. Let w = i - m. Calculate the remainder when 61 is divided by w.
19
Suppose -116*z + 115*z = 18. Calculate the remainder when 98 is divided by 515/20 + z/24.
23
Suppose 5*s - 290 = -0*s - v, 0 = -3*s + v + 174. Calculate the remainder when 983 is divided by s.
55
Suppose -67*b - 70 = -72*b. Calculate the remainder when 207 is divided by b.
11
Suppose -4*a - 875 = -5*g + a, -a = -5*g + 859. Calculate the remainder when g is divided by 88.
83
Let t(f) = -8*f - 138. What is the remainder when t(-19) is divided by 10?
4
Let s = 1964 + -1377. Calculate the remainder when s is divided by 24.
11
Let f(q) = -q**2 + 4*q + 3. Let g be f(5). Let x(w) = -7*w - 3. What is the remainder when 28 is divided by x(g)?
6
Let u = 363 + -326. What is the remainder when 62 is divided by u?
25
Suppose -24 = -s - 8. Suppose 2*r + 11 - 97 = 0. Calculate the remainder when r is divided by s.
11
Suppose 19 = -5*d - 2*g, 2*d + 0*g + 16 = -5*g. Let w = d + -3. Let s = 17 + w. Calculate the remainder when 19 is divided by s.
8
Suppose 2*z = 172 - 48. Calculate the remainder when 243 is divided by z.
57
Calculate the remainder when 523 is divided by (246/12)/((-1)/2 + 1).
31
Suppose 13*k - 12*k = 4*y - 689, -4*k + 877 = 5*y. Calculate the remainder when y is divided by 167.
6
Let g(f) = f**2 + 3*f + 3. Suppose 0 = -v + 21*y - 23*y - 1, 3*v - 18 = y. Calculate the remainder when g(-4) is divided by v.
2
Let l = 400 + -383. What is the remainder when 54 is divided by l?
3
Let z(y) be the second derivative of -y**3 + 33*y**2/2 - 3*y + 2. Suppose -2*s - 52 = -4*s. What is the remainder when s is divided by z(4)?
8
Let i = 35 + -31. Suppose c + i*c + 51 = 2*d, 5*d = -3*c + 143. Calculate the remainder when 81 is divided by d.
25
Let u(j) = -j**2 + 4*j - 1. Let y be u(4). Let s(g) = 6*g. Let r be s(y). Let q(h) = -2*h + 3. Calculate the remainder when 58 is divided by q(r).
13
Let f(a) = 4*a - 15. Let z be f(16). Suppose 0 = -6*i + 47 + z. What is the remainder when i is divided by 3?
1
Suppose 3*r = 2*b + 283, 0 = 5*r - 5*b - 113 - 362. Calculate the remainder when 259 is divided by r.
73
Let l(t) be the first derivative of t**3/3 - 21*t**2/2 + 33*t - 11. Calculate the remainder when l(21) is divided by 9.
6
Let y = -58 - -53. What is the remainder when 31 is divided by 1/(25/(-85))*y?
14
Suppose -4*g - 31*o = -32*o - 95, 0 = 4*o - 20. What is the remainder when 397 is divided by g?
22
Let h(w) = 2*w**2 + 9*w - w**3 + 51 + 3*w - 12*w. Let o be h(0). Suppose -o = -k - 0*k. What is the remainder when k is divided by 18?
15
Suppose 0 = -5*z + 15*h - 12*h + 167, 2*z - 5*h - 63 = 0. What is the remainder when 471 is divided by z?
29
Suppose -2604 = -179*l + 167*l. What is the remainder when l is divided by 73?
71
Suppose -7*y + 34 = -421. Suppose 5*k - 106 = -2*c, -46 = -2*k - 3*c + 4*c. What is the remainder when y is divided by k?
21
Let n(v) be the third derivative of v**4/12 - 3*v**3/2 + 3*v**2. Let w be n(15). What is the remainder when 4 is divided by 3/w - 13/(-7)?
0
Let h(t) = 3*t**3 - 7*t**2 + 13*t - 9. What is the remainder when 137 is divided by h(3)?
41
Let n = 269 + -184. Calculate the remainder when n is divided by 22.
19
Let v(d) = d**2 - 2*d - 3. Let y be (-12 - -6)*(-9)/6. What is the remainder when v(y) is divided by 16?
12
Suppose -2*u = -4, 2*z + 3*u - 2*u - 12 = 0. Suppose 0*v - z*v + r = -107, v + 4*r = 13. Calculate the remainder when 82 is divided by v.
19
Suppose 4*n - 7*n = 36. Let q = n - 1. Let v = 45 - q. What is the remainder when v is divided by 15?
13
Suppose -19*b + 440 = -8*b. Calculate the remainder when 116 is divided by b.
36
Let s = -1045 - -314. Let b = 1115 + s. What is the remainder when (b/60)/((-1)/(-5)) is divided by 11?
10
Let x(c) = c**2 + 2*c - 2. Let z(w) = -w**3 + 4*w**2 - 3*w + 3. Let g be z(3). Let t be x(g). Let a = t - -3. Calculate the remainder when 30 is divided by a.
14
Let y be 310/25 + 7/((-140)/8). Suppose 36 = 4*b - 4*m, 10*b - 4*m - 12 = y*b. Let k(x) = 4*x - 1. What is the remainder when k(2) is divided by b?
3
Let g(y) = y**2 - 10*y + 21. Let s = -4 - -13. Calculate the remainder when g(s) is divided by -1*(1 - (2 - -4)).
2
Let c(u) = -5*u - 15. Let q be c(9). Let m = q + 70. What is the remainder when 47 is divided by m?
7
What is the remainder when 6 + ((-36)/4 - 1) - -497 is divided by 71?
67
Let